f 15?
True
Is 14 a factor of 292?
False
Is 43 a factor of 172?
True
Does 16 divide 1080?
False
Does 43 divide 2675?
False
Does 120 divide 750?
False
Is 55 a factor of 5555?
True
Is 28444 a multiple of 13?
True
Does 9 divide 846?
True
Is 446 a multiple of 13?
False
Is 223 a multiple of 6?
False
Does 4 divide 322?
False
Does 5 divide 239?
False
Does 7 divide 354?
False
Is 5805 a multiple of 43?
True
Does 43 divide 27262?
True
Is 2525 a multiple of 25?
True
Is 12 a factor of 1070?
False
Does 13 divide 130?
True
Does 10 divide 22514?
False
Does 29 divide 8352?
True
Is 21 a factor of 14798?
False
Does 6 divide 6?
True
Is 3199 a multiple of 22?
False
Is 105 a factor of 92202?
False
Is 227 a factor of 3632?
True
Does 126 divide 18952?
False
Is 16997 a multiple of 33?
False
Does 44 divide 88?
True
Does 14 divide 6757?
False
Is 5 a factor of 369?
False
Is 43505 a multiple of 17?
False
Does 20 divide 1560?
True
Is 35 a factor of 9870?
True
Is 16 a factor of 189?
False
Is 7060 a multiple of 83?
False
Is 12 a factor of 2198?
False
Is 2506 a multiple of 114?
False
Is 1610 a multiple of 35?
True
Is 4 a factor of 5528?
True
Is 3501 a multiple of 7?
False
Does 19 divide 9051?
False
Is 720 a multiple of 9?
True
Is 2700 a multiple of 4?
True
Does 5 divide 330?
True
Is 952 a multiple of 7?
True
Does 25 divide 300?
True
Does 13 divide 520?
True
Does 8 divide 416?
True
Is 16 a factor of 25424?
True
Does 8 divide 392?
True
Is 4251 a multiple of 88?
False
Does 9 divide 15012?
True
Is 8 a factor of 5896?
True
Does 83 divide 2490?
True
Does 35 divide 847?
False
Does 30 divide 1249?
False
Is 95 a multiple of 5?
True
Is 6 a factor of 237?
False
Does 6 divide 309?
False
Is 91 a factor of 2366?
True
Is 10460 a multiple of 35?
False
Is 171 a multiple of 9?
True
Does 71 divide 6998?
False
Does 15 divide 8835?
True
Does 183 divide 34256?
False
Does 27 divide 756?
True
Does 8 divide 1286?
False
Is 86875 a multiple of 52?
False
Is 88689 a multiple of 156?
False
Is 3322 a multiple of 2?
True
Is 998 a multiple of 30?
False
Is 37728 a multiple of 24?
True
Is 36955 a multiple of 47?
False
Is 316 a factor of 45494?
False
Is 70328 a multiple of 298?
True
Is 708 a multiple of 14?
False
Does 21 divide 1259?
False
Is 4 a factor of 141?
False
Is 23 a factor of 69?
True
Is 12 a factor of 48?
True
Does 25 divide 10975?
True
Is 612 a multiple of 36?
True
Does 10 divide 520?
True
Is 347 even?
False
Does 88 divide 7568?
True
Is 298 a multiple of 21?
False
Is 3920 a multiple of 14?
True
Does 75 divide 2662?
False
Is 58 a factor of 696?
True
Is 59 a factor of 845?
False
Is 12 a factor of 37?
False
Is 3388 a multiple of 37?
False
Does 3 divide 472?
False
Does 10 divide 26020?
True
Does 28 divide 557?
False
Is 38621 a multiple of 18?
False
Is 8802 a multiple of 54?
True
Is 21 a factor of 3738?
True
Is 40 a factor of 840?
True
Does 62 divide 6516?
False
Is 100 a factor of 36900?
True
Is 21 a factor of 10500?
True
Is 790 a multiple of 44?
False
Is 65 a factor of 1690?
True
Does 23 divide 64768?
True
Does 59 divide 2301?
True
Is 1199 a multiple of 60?
False
Does 343 divide 113190?
True
Does 96 divide 30998?
False
Does 62 divide 2418?
True
Is 1914 a multiple of 33?
True
Does 102 divide 12897?
False
Does 9 divide 495?
True
Is 3192 a multiple of 42?
True
Is 26304 a multiple of 87?
False
Is 100 a factor of 1000?
True
Is 85 a factor of 25075?
True
Is 31363 a multiple of 163?
False
Is 37823 a multiple of 126?
False
Does 31 divide 3450?
False
Is 252 a multiple of 21?
True
Does 77 divide 34650?
True
Is 2041 a multiple of 13?
True
Does 138 divide 7902?
False
Does 27 divide 52302?
False
Does 25 divide 559?
False
Is 4148 a multiple of 17?
True
Is 807 a multiple of 48?
False
Is 252 a multiple of 6?
True
Is 14300 a multiple of 50?
True
Is 283 a factor of 56268?
False
Does 4 divide 11475?
False
Is 189 a multiple of 11?
False
Is 30 a factor of 1515?
False
Is 14 a multiple of 14?
True
Is 2715 a multiple of 17?
False
Is 3 a factor of 5469?
True
Is 13 a factor of 3623?
False
Does 8 divide 10256?
True
Is 16016 a multiple of 52?
True
Is 2907 a multiple of 4?
False
Does 25 divide 130271?
False
Does 41 divide 6765?
True
Is 16 a factor of 41072?
True
Is 3 a factor of 685?
False
Is 38572 a multiple of 214?
False
Is 8 a factor of 492?
False
Is 2314 a multiple of 20?
False
Is 16 a factor of 64?
True
Is 13892 a multiple of 46?
True
Is 62 a factor of 2695?
False
Does 354 divide 41064?
True
Is 69 a factor of 276?
True
Is 143 a multiple of 2?
False
Is 9 a factor of 30114?
True
Is 3 a factor of 2039?
False
Is 795 a multiple of 3?
True
Is 682 a multiple of 10?
False
Does 78 divide 5070?
True
Is 115 a factor of 31122?
False
Is 1395 a multiple of 5?
True
Is 122 a multiple of 16?
False
Is 13685 a multiple of 64?
False
Is 106 a multiple of 53?
True
Is 46 a factor of 67574?
True
Does 94 divide 9212?
True
Is 62 a factor of 868?
True
Is 60 a factor of 47300?
False
Does 5 divide 9?
False
Is 633 a multiple of 7?
False
Is 2 a factor of 4617?
False
Is 342 a multiple of 19?
True
Is 312 a multiple of 26?
True
Does 23 divide 414?
True
Does 22 divide 128040?
True
Is 29 a factor of 112917?
False
Is 6930 a multiple of 30?
True
Is 33 a factor of 78832?
False
Is 330 a multiple of 11?
True
Does 17 divide 518?
False
Is 87 a factor of 9059?
False
Is 29 a factor of 3683?
True
Is 1563 a multiple of 3?
True
Is 8587 a multiple of 26?
False
Does 326 divide 61724?
False
Is 54 a factor of 756?
True
Is 708 a multiple of 18?
False
Does 21 divide 509?
False
Is 12276 a multiple of 22?
True
Does 57 divide 14649?
True
Does 44 divide 9856?
True
Is 4082 a multiple of 14?
False
Is 7838 a multiple of 9?
False
Is 360 a multiple of 27?
False
Is 29 a factor of 30306?
False
Does 68 divide 35849?
False
Is 2801 a multiple of 10?
False
Does 58 divide 6380?
True
Is 1566 a multiple of 54?
True
Is 24 a factor of 3264?
True
Does 22 divide 37015?
False
Does 62 divide 18786?
True
Is 23 a factor of 11496?
False
Is 4 a factor of 3041?
False
Is 13067 a multiple of 22?
False
Does 21 divide 3128?
False
Is 27452 a multiple of 197?
False
Is 9 a factor of 8227?
False
Is 22 a factor of 3828?
True
Is 1995 a multiple of 95?
True
Is 8 a factor of 3765?
False
Is 2 a factor of 1343?
False
Is 15 a factor of 14610?
True
Is 360 a multiple of 72?
True
Does 26 divide 5177?
False
Does 146 divide 10518?
False
Is 20 a factor of 660?
True
Is 2 a factor of 1355?
False
Does 282 divide 75294?
True
Is 289 a factor of 56176?
False
Does 2 divide 195?
False
Is 58 a factor of 892?
False
Is 10352 a multiple of 15?
False
Does 21 divide 2415?
True
Is 10399 a multiple of 29?
False
Is 22 a factor of 4317?
False
Does 2 divide 807?
False
Is 13 a factor of 842?
False
Is 5240 a multiple of 11?
False
Is 37 a factor of 1739?
True
Does 24 divide 3936?
True
Does 4 divide 602?
False
Does 40 divide 143?
False
Is 185952 a multiple of 156?
True
Does 7 divide 623?
True
Is 32 a factor of 1216?
True
Is 20 a factor of 625?
False
Is 703 a multiple of 37?
True
Is 83 a factor of 1494?
True
Is 54250 a multiple of 125?
True
Does 92 divide 2589?
False
Is 13 a factor of 287?
False
Is 7 a factor of 45?
False
Does 64 divide 29056?
True
Is 62283 a multiple of 13?
True
Is 936 a multiple of 34?
False
Is 963 a multiple of 21?
False
Is 108 a factor of 33240?
False
Is 900 a multiple of 9?
True
Does 154 divide 2310?
True
Does 11 divide 25036?
True
Is 41607 a multiple of 69?
True
Is 196 a multiple of 4?
True
Does 60 divide 360?
True
Does 5 divide 427?
False
Does 109 divide 19196?
False
Does 46 divide 368?
True
Is 142 a factor of 30388?
True
Is 7 a factor of 63?
True
Does 3 divide 271?
False
Is 4916 a multiple of 27?
False
Is 170 a factor of 12324?
False
Is 4 a factor of 8420?
True
Is 11662 a multiple of 34?
True
Is 1246 a multiple of 11?
False
Is 48751 a multiple of 46?
False
Is 20 a factor of 27877?
False
Is 39 a factor of 4992?
True
Is 900 a multiple of 12?
True
Is 1620 a multiple of 6?
True
Is 4545 a multiple of 45?
True
Does 77 divide 1540?
True
Is 21 a factor of 3387?
False
Does 179 divide 47986?
False
Is 3 a factor of 788?
False
Does 15 divide 1743?
False
Does 13 divide 74919?
True
Is 15 a factor of 2580?
True
Is 72 a factor of 4824?
True
Is 6 a factor of 17994?
True
Does 15 divide 45?
True
Does 11 divide 1816?
False
Does 24 divide 5674?